04?
11342501
In base 14, what is -a76c + 188?
-a5c4
In base 11, what is -739 - 25335?
-25a73
In base 15, what is -33 - -1151581?
115154d
In base 7, what is 64414142 + 156?
64414331
In base 10, what is -2073560 + 16?
-2073544
In base 4, what is -2221 + 11011220?
11002333
In base 4, what is 302 - 131113012?
-131112110
In base 11, what is 73570 - 2394?
71187
In base 6, what is 14430411 + -321?
14430050
In base 4, what is -31 + 133221232?
133221201
In base 6, what is -5 + 352405030?
352405021
In base 9, what is 4 - 4305167?
-4305163
In base 8, what is -5263733 + 4?
-5263727
In base 3, what is 0 + -2202111212101001?
-2202111212101001
In base 4, what is 10 + -303321123220?
-303321123210
In base 16, what is -8 + -10d86a?
-10d872
In base 16, what is -4 + 222d1f7?
222d1f3
In base 2, what is 10 - -11001110011110011100?
11001110011110011110
In base 13, what is -3bc16a + 3?
-3bc167
In base 10, what is 1483072 - 5?
1483067
In base 2, what is -1100100100111 - -1000111100010?
-11101000101
In base 3, what is 10200002100201 + 21212?
10200002122120
In base 7, what is -45446525 + -255?
-45450113
In base 7, what is 200445 - -13153?
213631
In base 13, what is 20a - 14a79b?
-14a591
In base 9, what is -537587080 + 5?
-537587074
In base 12, what is -5 + -533b62a4?
-533b62a9
In base 5, what is -121034244202 + 1?
-121034244201
In base 3, what is 121 - 1110110210210?
-1110110210012
In base 12, what is -211 + -4577?
-4788
In base 9, what is -6646148 - 1?
-6646150
In base 8, what is 25314 + -532?
24562
In base 11, what is 5064075 + -1?
5064074
In base 16, what is 1 - d28b4?
-d28b3
In base 5, what is 10 - -322421000?
322421010
In base 9, what is 4 + -253675182?
-253675177
In base 11, what is -53597 - 9a?
-53686
In base 14, what is -3c - 952b0?
-9530c
In base 8, what is -131516172 - -20?
-131516152
In base 5, what is -11410042 + -132?
-11410224
In base 4, what is 122302102022 + 2?
122302102030
In base 13, what is -3c931 - -151?
-3c7b0
In base 15, what is -1669c80 - -6?
-1669c79
In base 2, what is 110100101010000011111111011 - 110?
110100101010000011111110101
In base 7, what is 12262 - -531505?
544100
In base 6, what is 5 + 11520024?
11520033
In base 10, what is -388134 - 151?
-388285
In base 7, what is 1213661542 - 0?
1213661542
In base 16, what is -3 - -2964f65?
2964f62
In base 6, what is -10324504 + -553?
-10325501
In base 12, what is -15 + -36468?
-36481
In base 10, what is 7895 - 104942?
-97047
In base 10, what is 1041919 - -52?
1041971
In base 5, what is -12 + -212434122224?
-212434122241
In base 10, what is -89 - 2750426?
-2750515
In base 15, what is -38 + 2b538?
2b500
In base 5, what is -4013241 - 11122?
-4024413
In base 12, what is 912688 - -19?
9126a5
In base 2, what is 1000001101001100 - 11111011?
1000001001010001
In base 11, what is a88583a + -4?
a885836
In base 13, what is 3a9a8c + 2?
3a9a91
In base 12, what is -bb18922 - -4?
-bb1891a
In base 9, what is -32150583 + -4?
-32150587
In base 3, what is -20010112112 - 1022?
-20010120211
In base 16, what is 18d + -423a?
-40ad
In base 12, what is 9708 + -9307?
401
In base 9, what is -3 + 10002303?
10002300
In base 16, what is -50bc22 - -39?
-50bbe9
In base 8, what is -126 + -11317065?
-11317213
In base 9, what is -31772613 - -75?
-31772527
In base 11, what is -21633 + -73?
-216a6
In base 12, what is 5 + 436371?
436376
In base 7, what is -14 + 43163561?
43163544
In base 9, what is 5 + 102044055?
102044061
In base 5, what is -4321 + 12314144?
12304323
In base 12, what is 6 + -8178ba7?
-8178ba1
In base 14, what is 368c4c + -4?
368c48
In base 6, what is 2 + 4251410?
4251412
In base 11, what is 5 + -984?
-97a
In base 3, what is -10211011101 + 11012?
-10211000012
In base 15, what is 342ed73 - -3?
342ed76
In base 6, what is 2515013 + -3545?
2511024
In base 4, what is -33 - -31211221?
31211122
In base 13, what is -19784 + -47b2?
-21266
In base 16, what is 3f9a + -219?
3d81
In base 14, what is 0 - 68ad1b?
-68ad1b
In base 10, what is 3 + -69398956?
-69398953
In base 12, what is 5b - 8a0b16?
-8a0a77
In base 6, what is -20133333032 - 4?
-20133333040
In base 5, what is -30 - -130303204?
130303124
In base 2, what is -1000011000010 + -11001000?
-1000110001010
In base 5, what is -331300320 - 20?
-331300340
In base 16, what is 1da2d5 + -d?
1da2c8
In base 6, what is -220453 + -4352?
-225245
In base 10, what is 1 - -172908?
172909
In base 7, what is 5 + -26630252?
-26630244
In base 4, what is 110212121122 + -210?
110212120312
In base 12, what is a - -1834ab6?
1834b04
In base 13, what is 75b584 - 5?
75b57c
In base 5, what is 10024 - 214412?
-204333
In base 10, what is -470652548 - 2?
-470652550
In base 4, what is 0 + 201010321211?
201010321211
In base 5, what is -13121 - 21240?
-34411
In base 8, what is 1503 - 711335?
-707632
In base 13, what is -1c82 - -7?
-1c78
In base 6, what is 3424035 - -33033?
3501112
In base 10, what is -69 - 1099685?
-1099754
In base 3, what is -2111011 - -111121202?
102010121
In base 13, what is -57 - 197300?
-197357
In base 7, what is 161 + 133514424?
133514615
In base 5, what is 3210130413 + -1?
3210130412
In base 9, what is -702 + 1245510?
1244707
In base 16, what is -208b4 + -ac?
-20960
In base 15, what is 13d6345 + 5?
13d634a
In base 16, what is -9 + -a9374?
-a937d
In base 3, what is 2100122 - 2212020?
-111121
In base 9, what is 466360 - -36?
466406
In base 15, what is -132 - -2169a?
21568
In base 9, what is 18718083 - -47?
18718141
In base 7, what is -3 - 132252426?
-132252432
In base 10, what is -874097 + 1573?
-872524
In base 4, what is -20132 - -213100012?
213013220
In base 13, what is -63387ca3 + 3?
-63387ca0
In base 9, what is -2843 + -855?
-3808
In base 15, what is 3 - -634a3c?
634a40
In base 6, what is -20020010 + 5414?
-20010152
In base 14, what is 1b - 105274?
-105257
In base 4, what is 3110313 + 3302?
3120221
In base 16, what is -2419275 + -3?
-2419278
In base 16, what is 1f4595 + 7e?
1f4613
In base 12, what is -8 + 19295?
19289
In base 6, what is -3511314025 - 0?
-3511314025
In base 5, what is 1213233331 + -1232?
1213232044
In base 2, what is 100000011110001010 + -101?
100000011110000101
In base 11, what is -16632 - 81a?
-17351
In base 10, what is -4467043 + 7?
-4467036
In base 13, what is 4 - -669a9?
669b0
In base 12, what is -2a5512 - a?
-2a5520
In base 8, what is 1461057 + 112?
1461171
In base 9, what is 4160445 - -127?
4160573
In base 9, what is -648308 - 463?
-648772
In base 8, what is 22470660 + 15?
22470675
In base 3, what is -112102201121100 - -12?
-112102201121011
In base 4, what is -2 + -13122213212?
-13122213220
In base 14, what is -25d1 - 1526?
-3b17
In base 12, what is 684 + -124063?
-12359b
In base 5, what is -24442 - -124421?
44424
In base 6, what is 23003 - 1325100?
-1302053
In base 15, what is b + 335a5?
335b1
In base 4, what is 1101020 - 111211023?
-110110003
In base 4, what is -1322 - 1301321012?
-1301323000
In base 14, what is 3a5dc - -248?
3a846
In base 4, what is -233110 + -22310?
-322020
In base 5, what is -420003 - 114302?
-1034310
In base 4, what is 222033 + 3021?
231120
In base 16, what is -6 - 10be6b1?
-10be6b7
In base 4, what is 0 - -112220230?
112220230
In base 4, what is 100 + 2011000101?
2011000201
In base 5, what is 2 + 244142442?
244142444
In base 16, what is -31ef0 + -5b?
-31f4b
In base 15, what is -1153bdd + -1?
-1153bde
In base 14, what is -490aca9 - -3?
-490aca6
In base 15, what is 30b0 + 5d9?
3699
In base 5, what is 302 - -21104031?
21104333
In base 8, what is 2752502 - 1256?
2751224
In base 16, what is 119 - -385d?
3976
In base 3, what is -102101010200 - 2?
-102101010202
In base 13, what is 3 - 6005c4?
-6005c1
In base 4, what is 32031223003 - 13?
32031222330
In base 4, what is -111101032321 - 1?
-111101032322
In base 16, what is -f1 - 2c1?
-3b2
In base 16, what is b198cc + -1?
b198cb
In base 2, what is 11 + -1101101111001001111111?
-1101101111001001111100
In base 11, what is 4 + -96557671?
-96557668
In base 10, what is 852 + 31925?
32777
In base 4, what is 300331323301232 + 3?
300331323301301
In base 15, what is -132b611 + -1?
-132b612
In base 15, what is 952d - cc9?
8754
In base 12, what is -247b25 + -38?
-247b61
In base 13, what is -13094 - -c31?
-12163
In base 15, what is e0d8 - -57?
e140
In base 6, what is -500 + -14054110?
-14055010
In base 4, what 